is the greatest common factor of 16400 and 192?
16
What is the greatest common divisor of 561 and 221?
17
What is the greatest common divisor of 17731 and 142891?
1043
What is the highest common divisor of 9860 and 20?
20
What is the greatest common divisor of 1651 and 12319?
127
Calculate the highest common divisor of 31726 and 290.
58
Calculate the highest common factor of 60620 and 35.
35
Calculate the greatest common divisor of 960 and 24810.
30
What is the highest common divisor of 168 and 27769?
7
Calculate the highest common divisor of 136 and 68119.
17
What is the highest common factor of 11390 and 7939?
17
What is the greatest common divisor of 7850 and 205?
5
Calculate the highest common divisor of 815562 and 4752.
594
What is the greatest common divisor of 34732 and 86373?
457
Calculate the greatest common factor of 1069536 and 416.
416
Calculate the highest common factor of 1064 and 2556.
4
Calculate the highest common factor of 127 and 14911451.
127
Calculate the greatest common factor of 108 and 15513552.
108
Calculate the highest common factor of 55 and 1631344.
11
What is the greatest common divisor of 754 and 6989?
29
Calculate the greatest common factor of 468614 and 86.
86
Calculate the highest common divisor of 783392 and 40.
8
Calculate the greatest common factor of 20 and 77170.
10
What is the greatest common factor of 34272 and 896?
224
What is the greatest common divisor of 924 and 84238?
154
Calculate the greatest common factor of 288 and 15804.
36
Calculate the greatest common factor of 28 and 1199170.
14
Calculate the greatest common factor of 19628 and 21.
7
Calculate the highest common factor of 135 and 63207.
27
What is the greatest common divisor of 1608 and 5192634?
402
Calculate the greatest common divisor of 41783 and 658.
329
What is the greatest common divisor of 10500 and 26700?
300
Calculate the highest common factor of 179861 and 3349.
197
What is the highest common factor of 342 and 4509?
9
Calculate the greatest common divisor of 12213 and 19116.
531
Calculate the greatest common factor of 299690 and 200.
10
Calculate the highest common divisor of 18 and 432996.
6
Calculate the highest common divisor of 13000 and 468.
52
What is the highest common divisor of 8625 and 13915?
115
Calculate the highest common divisor of 2020 and 39188.
404
Calculate the highest common factor of 720 and 3208.
8
What is the highest common divisor of 32 and 155872?
32
What is the greatest common divisor of 13560 and 240?
120
What is the greatest common divisor of 569 and 6761996?
569
What is the highest common divisor of 1344 and 7?
7
What is the greatest common factor of 5180 and 5530?
70
Calculate the greatest common divisor of 9828 and 5152.
28
Calculate the greatest common divisor of 85307 and 1127.
23
Calculate the highest common divisor of 218 and 4687327.
109
Calculate the highest common factor of 740472 and 36.
12
Calculate the highest common factor of 359572 and 4338.
482
What is the greatest common divisor of 9027 and 6630?
51
What is the greatest common divisor of 59724 and 127190?
1106
Calculate the highest common divisor of 6398 and 70.
14
Calculate the greatest common factor of 1977113 and 167.
167
Calculate the highest common divisor of 611 and 4519567.
611
What is the greatest common divisor of 555867 and 18?
9
What is the greatest common divisor of 5 and 267330?
5
Calculate the greatest common factor of 237241 and 2227.
131
Calculate the highest common factor of 66 and 40194.
66
Calculate the greatest common divisor of 3136 and 329672.
392
What is the greatest common factor of 4288221 and 567?
567
What is the highest common divisor of 1155 and 2464?
77
Calculate the greatest common divisor of 34 and 7696954.
34
Calculate the greatest common divisor of 43699 and 38789.
491
What is the highest common factor of 87 and 221038?
29
What is the greatest common factor of 998325 and 1700?
425
What is the greatest common factor of 333446 and 4?
2
Calculate the greatest common factor of 1068 and 33414.
6
What is the highest common divisor of 670 and 287765?
335
What is the greatest common factor of 18023 and 201?
67
Calculate the greatest common factor of 11268 and 63.
9
What is the greatest common divisor of 94 and 577019?
47
Calculate the highest common divisor of 3775084 and 424.
212
What is the highest common factor of 9132 and 426?
6
What is the highest common divisor of 81192 and 13056?
408
What is the highest common factor of 278 and 1376239?
139
Calculate the greatest common divisor of 132202 and 532.
266
Calculate the highest common divisor of 7795 and 1495.
5
What is the greatest common factor of 100159 and 37?
37
Calculate the greatest common factor of 27294 and 138.
6
Calculate the highest common divisor of 27 and 121896.
9
What is the highest common factor of 539937 and 306?
153
Calculate the highest common divisor of 1984 and 107911.
31
What is the highest common factor of 5661 and 1295?
37
What is the highest common divisor of 522 and 34394?
58
Calculate the highest common factor of 4477 and 165.
11
Calculate the greatest common factor of 7 and 14446.
1
What is the greatest common divisor of 1232 and 80192?
112
Calculate the highest common factor of 11 and 7425.
11
Calculate the greatest common factor of 897 and 31602.
69
Calculate the highest common divisor of 119 and 14263.
17
Calculate the highest common factor of 870295 and 30.
5
Calculate the greatest common factor of 9632 and 2666.
86
What is the greatest common divisor of 446330 and 10?
10
Calculate the highest common factor of 310199 and 142.
71
Calculate the greatest common divisor of 125225 and 100.
25
Calculate the greatest common divisor of 473 and 568073.
473
Calculate the highest common factor of 30 and 3083790.
30
Calculate the highest common factor of 1116 and 6417.
279
Calculate the highest common factor of 1596 and 6004.
76
Calculate the highest common divisor of 144 and 10896.
48
Calculate the highest common factor of 143250 and 5550.
150
What is the greatest common factor of 24527 and 9?
1
Calculate the greatest common factor of 2831 and 15943.
149
Calculate the greatest common factor of 174 and 1554.
6
What is the greatest common factor of 3246752 and 842?
842
What is the greatest common divisor of 135 and 1835?
5
Calculate the highest common divisor of 4684641 and 113.
113
What is the highest common divisor of 24507 and 483?
21
What is the highest common divisor of 300 and 43854?
6
What is the greatest common factor of 1247750 and 5?
5
What is the greatest common factor of 6757 and 24215?
29
What is the highest common divisor of 117 and 135928?
13
Calculate the highest common divisor of 57574 and 88.
22
What is the greatest common divisor of 4536 and 113967?
567
Calculate the greatest common factor of 164838 and 13944.
498
What is the greatest common divisor of 178 and 28680?
2
What is the greatest common factor of 12 and 39344?
4
Calculate the greatest common factor of 575983 and 167.
167
Calculate the greatest common divisor of 1843 and 151029.
97
What is the greatest common divisor of 8 and 50404?
4
What is the greatest common factor of 4158353 and 1478?
739
What is the greatest common divisor of 15 and 1808445?
15
What is the greatest common factor of 71216 and 176?
16
Calculate the greatest common divisor of 304062 and 204.
102
What is the greatest common divisor of 14996 and 414?
46
Calculate the highest common divisor of 15582 and 1800834.
2226
Calculate the greatest common divisor of 1453 and 37.
1
Calculate the greatest common factor of 2800 and 112175.
175
Calculate the highest common divisor of 10157 and 21.
7
Calculate the highest common divisor of 2466 and 1422.
18
What is the greatest common factor of 8392 and 808?
8
What is the greatest common factor of 7 and 121842?
7
What is the greatest common divisor of 17 and 13876?
1
What is the highest common factor of 9719364 and 1956?
1956
What is the greatest common divisor of 42508 and 16?
4
Calculate the highest common factor of 8404 and 1012.
44
Calculate the greatest common divisor of 17367 and 84.
21
What is the highest common divisor of 3472 and 2588?
4
What is the greatest common divisor of 275888 and 1763?
43
Calculate the greatest common divisor of 51968 and 203